c) prime?
False
Let m(i) = 2*i**3 - 7*i**2 - 51*i + 20. Let w be m(7). Let q = -144 + 251. Let j = q + w. Is j a prime number?
True
Let s(g) = g**3 + g**2 - 3*g + 4. Let l be s(-3). Let r be l/(-2)*6/5. Suppose -5*q + 1093 = r*a, -3*a = -5*a - 4*q + 726. Is a a prime number?
False
Suppose 0 = 3*u - 4*h + 106, 7 = -h + 2. Is 7/(u/(-70842)) - (5 - -1) a prime number?
True
Let z(h) = 308*h**2 + 259*h + 102. Is z(41) composite?
False
Let w(q) = -255*q**3 + 4*q**2 - 8*q + 9. Let j be w(-7). Is j/12*(-7 - -9) a prime number?
True
Let s = -261309 - -437840. Is s prime?
True
Suppose 27*b = 28*b - 536. Let s(q) = -q - 10. Let h be s(-14). Suppose 3*c - b = -5*a, c + 4*a = -h*c + 915. Is c a composite number?
True
Let x be ((-9)/54)/((-8)/144). Suppose -x*h = 3*t - 22451 - 1813, 2*t = -5*h + 40425. Is h composite?
True
Let d(y) = 2634*y**2 - 210*y + 41. Is d(-10) composite?
False
Let z(v) = -v**3 + 6*v**2 + 19*v - 19. Let i be z(8). Suppose -4*h + 46166 = -2*h - i*a, -2*h = 3*a - 46198. Is h a prime number?
False
Let q(o) = -8752*o - 39. Let j be q(-10). Suppose -5*g = 5*a - j - 16929, 5*a = 5*g - 104380. Is g composite?
False
Let i be -328*-2*(-5)/(-4). Suppose -11*l = 5880 - 1205. Let p = i + l. Is p a prime number?
False
Let a(s) = 8 - 607*s + 12 - 1 + 11. Is a(-4) a prime number?
False
Let q(c) = c**2 + 3*c - 5. Let g be q(-6). Let i(z) = z**3 - 9*z**2 - 12*z + 9. Let a be i(10). Is g*61 + 7 + a prime?
False
Suppose 175 = -61*o + 54*o. Let f(z) = 2*z**2 - 31*z + 28. Is f(o) a composite number?
False
Suppose -2*k - 18 = -5*k. Suppose -2*t = 14 - k. Is (2 - (t - -2)) + 95*3 a composite number?
True
Suppose -8*n + 12*n = 24*n - 425140. Is n a prime number?
False
Let w(y) be the second derivative of 313*y**5/40 + y**4/24 - 7*y**3/2 + 13*y. Let p(a) be the second derivative of w(a). Is p(2) prime?
True
Suppose -19 + 22 = z. Suppose 12 = -3*y, h - z*y = 2*h - 1177. Is h a prime number?
False
Suppose -15*p - 17*p + 384 = 0. Suppose 15*w - 11391 = p*w. Is w prime?
True
Let j = -15843 - -38142. Is j a composite number?
True
Let h = 467 - 465. Suppose x + 12454 = h*p, -p + 6241 = -50*x + 53*x. Is p prime?
True
Let d be (18/(-15))/(5/(-150)). Let k be (d/12)/(3/2). Suppose 432 = k*b + 2*n, 4*n + 520 = 3*b - 93. Is b a composite number?
False
Let v be (-36)/10*((-2720)/(-6))/8. Let r = v + 539. Is r a prime number?
False
Suppose 50*i - 69*i = -574598. Suppose -6*a = -4*g - 5*a + i, 2 = a. Is g prime?
True
Let t be ((-115)/20)/(3/4)*-3027. Suppose -d + t = 4*u, u - 17394 = -2*u - 3*d. Suppose -u = -5*h - 1538. Is h a prime number?
True
Let m = 39658 - 23973. Suppose 0 = 4*q + 4*n - 71844, 2*q + n = m + 20235. Is q a prime number?
True
Suppose n - 101*q = -103*q + 790937, n = 3*q + 790957. Is n prime?
False
Suppose -8 = -5*i + 4*i. Let w(d) = -d + 2. Let y(z) = 7*z**2 + 17*z - 33. Let g(m) = 5*w(m) + y(m). Is g(i) a prime number?
True
Suppose 4*q - 151844 = -5*z, 71*z + 113869 = 3*q + 73*z. Is q composite?
False
Is (-2)/4*(4 - 3 - 2850099) composite?
False
Let o be 55*1 + 14 + -19. Suppose 42*u + 22520 = o*u. Is u a composite number?
True
Suppose -9*g + 7*g = w - 452158, -g - 3*w = -226079. Is g composite?
True
Suppose -6*i + 9676 = -8*i. Let w = i + 23947. Is w prime?
False
Let y = 6267004 + -4124033. Is y prime?
True
Let g(m) = 11*m**2 - 42*m - 41. Suppose -3*n + r = -4*r + 35, -4*r - 140 = 6*n. Is g(n) composite?
True
Let c(l) = 22*l**2 + 2*l - 1. Let d be c(-2). Let n = d - 85. Let i(p) = 451*p**2 + 5*p + 5. Is i(n) composite?
True
Suppose -a - 2*v = -3*a - 14, -4*a + v = 13. Let h = 6 - a. Suppose -5*r + h*n = 3*n - 1850, 0 = 5*r + 3*n - 1874. Is r a prime number?
True
Suppose 3*n = 0, -2*n - 29 + 39 = 2*q. Suppose 3*a = -4*d - 1961 + 13188, -18677 = -q*a + 2*d. Is a a prime number?
False
Let i(m) = 3*m + 23. Let j be i(13). Is ((-1873)/(-3))/(3 - j/21) a composite number?
True
Let y be (-2)/14 - (29/(-7) - 1). Suppose -g - 47260 = -y*a, 4*a = -g + 23409 + 14390. Is a a composite number?
True
Suppose -1398 + 8019 = 3*l. Suppose -l = -7*k + 2826. Is k prime?
True
Let p(i) = i**3 - i**2 - 2*i + 3. Let q be p(2). Suppose 3*v - 1434 = 249. Suppose 0*r - 3*r = -4*m - v, 0 = 4*r - q*m - 755. Is r composite?
False
Let a = 254165 + -180826. Is a composite?
True
Let u(q) = 35101*q - 9324. Is u(11) a composite number?
False
Let r be 6/(-4) + (-6)/((-24)/14). Suppose r*h - 19942 = 10204. Is h composite?
False
Let n be 1/(-1) - 2 - (-19641)/3. Suppose 30*y + n = 34*y. Suppose -q = -3*h - 3*q + 1227, -y = -4*h - 5*q. Is h a prime number?
True
Suppose -231*y = 537535 + 5037850 - 38624786. Is y composite?
True
Let h = 53 - 63. Let n be -1 - 8/20 - 4/h. Is ((-3)/n - 2) + 58 composite?
False
Let b(v) = -2*v + 44. Let h be b(21). Let m(z) = 37*z**h + 1 - z - 3 + 1 + 4. Is m(2) prime?
True
Suppose -3*v + 0 + 6 = 0. Suppose 2 = -v*o + 16. Suppose -3*i = -o*i + 1636. Is i prime?
True
Let m(a) = 27436*a**3 + a**2 + 5*a + 2. Let u be m(-2). Is ((-10)/8)/5 + u/(-208) a composite number?
True
Let z be 8/36 - (0 + (-134076)/27). Suppose 0 = -340*i + 338*i + z. Is i a prime number?
False
Let y be 8/(-28) - 536/(-14). Suppose -2*c = -2, y + 27 = 3*x - 4*c. Is x a composite number?
False
Let l(g) = -11*g**3 + 28*g**2 + 65*g - 261. Is l(-22) a composite number?
True
Let n(q) = q**3 + 4*q**2 - 2*q - 5. Let w be n(-4). Suppose -2*v + w*v = 0. Suppose -4*m + 7*m - 1118 = -5*a, 2*a + 4*m - 436 = v. Is a a composite number?
True
Let i(s) = s**2 - 24*s + 26. Let r be i(23). Suppose 0 = -2*z - r*p + 11161, z - p = 2722 + 2856. Is z composite?
True
Let x = -6 - 4. Let d be 5/x*(-20)/5. Suppose -u + 1181 = 4*r, -5*u + 0*r + 5941 = d*r. Is u prime?
False
Let w(q) = 425*q**2 + 23*q - 18. Let l be w(-6). Is 48/96*(2 + l) prime?
True
Let n(c) = 31*c**2 + 11. Let r be n(-4). Suppose r = -w + 2275. Suppose v + v - 881 = -i, 0 = 2*i + 2*v - w. Is i a composite number?
False
Let j = -212 + 214. Suppose 2*m + j = 0, -3*m + m - 4324 = -2*c. Is c a composite number?
False
Is (16/4 + -32 + -5)*23279/(-3) a composite number?
True
Let w(k) = 0*k**3 + 0 - 4*k**2 + 0*k**2 - 13*k + k**3 + 1. Let v be ((-3)/(-9))/((-2)/(-54)). Is w(v) a composite number?
True
Let f = 53190 - 12013. Is f a prime number?
True
Suppose x + 203 - 205 = 0. Suppose -5*w - 4*h = -3*h - 14218, -x*w = 2*h - 5692. Is w a prime number?
True
Is (315/14 + -22)/(2/286168*2) a prime number?
True
Let b = -67 - -69. Let j(v) = -362*v**2 + 8*v - 11. Let p be j(b). Let f = 5264 + p. Is f a composite number?
False
Let h(g) = -14*g + 25 - 5*g + 2 + 16*g - 2*g**3. Is h(-11) prime?
False
Suppose 3*s + 12 = -3*w - 0*s, 5*w + 3*s = -10. Is 132/(-33) + (w - (-5229 + -1)) prime?
True
Let u = 135257 + -59392. Is u prime?
False
Let h(r) = 2*r**2 - 38*r + 38. Let f be h(18). Suppose -2*z = 2*p - 6850, p - 3433 = -z - f*p. Is z prime?
False
Let r(s) = -22252*s**3 + 2*s**2 + 8*s + 5. Is r(-2) composite?
True
Suppose -23*w - 449028 = 13*w. Let m = w - -20314. Is m prime?
True
Let s(r) = 1316*r**3 + 13*r**2 - 16*r + 4. Let h be s(5). Suppose -h - 126132 = -23*i. Is i composite?
False
Suppose 71 = 3*t - 181. Let z = -57 - t. Let i = -14 - z. Is i a composite number?
False
Suppose -51*p = -81*p + 20057010. Is p composite?
False
Let p(x) = 3268*x**2 - 58*x - 87. Is p(-10) composite?
True
Suppose 0 = -b - 10 + 10. Suppose 3*n + 2698 = 2*d, 4*d + n - 5368 = -b*n. Is d a prime number?
False
Let m(z) = 3252*z**2 - 64*z - 907. Is m(-15) a prime number?
False
Suppose 12*q - 3*q = 34*q - 8317175. Is q composite?
False
Suppose -2630334 - 254958 - 902361 = -111*t. Is t prime?
True
Let v(s) be the third derivative of s**5/20 - s**4/24 - 5*s**3/6 - 19*s**2. Let u(y) = -y**2 + 1. Let i(t) = -4*u(t) - v(t). Is i(-3) prime?
True
Suppose -3*r - x = -76, r - x - 3*x - 21 = 0. Suppose a - 23 = n + 2*a, r = -5*a. Let l = n + 105. Is l composite?
True
Suppose -3*t = 5 + 61. Let g be 1 + (-3)/15 + t/(-10). Suppose 2*u = 4*z - 3 + 49, 2*z - 69 = -g*u. Is u composite?
False
Suppose -12*l - 9*l + 76524 = 0. Suppose 2*q - y + l = 3*q, 3*q - 10917 = 2*y. Is q composite?
True
Is -2529415*(-24)/168*1 prime?
False
Let r(p) = 16*p**3 + 3*p**2 + 5*p - 1. Let q(o) = 17*o**3 + 4*o**2 + 4*o - 1. Let b(y) = -4*q(y) + 3*r(y). Let d be b(-6). Let u = 6324 - d. Is u prime?
False
Suppose 18003 = 32*x